4 - 7*b + 0*b. Let d be j(-4). List the prime factors of (-8)/(-1)*d/8.
2, 13
List the prime factors of (((-8208)/30)/9)/((-2)/50).
2, 5, 19
Let w be 20*(-2)/(-1*4). Suppose -6*q = -w*q. Suppose 3*y = 2*z - 2 + 3, q = -3*y + 15. List the prime factors of z.
7
Let j(r) = r**2 + 9*r. Let b be j(-11). Suppose 3*l - 1 = -b. Let f = 20 + l. List the prime factors of f.
13
Let j = 204 - 78. What are the prime factors of j?
2, 3, 7
Let f be ((-4)/6)/((-2)/66). Let s be (-16)/(-7) + f/(-77). Suppose -s = -j + 11. What are the prime factors of j?
13
Suppose 11*c - 8*c = 12. Suppose 4*m + c*y - 300 = 0, -m = -4*y + 11 - 106. List the prime factors of m.
79
Suppose 0 = 11*c - 16866 + 3457. List the prime factors of c.
23, 53
Suppose 0 = 7*s + 24 - 129. Suppose 4*z = 9*z - s. List the prime factors of z.
3
Let w(u) = 14*u**2 - 6*u + 4 - 13*u**2 + 6*u. What are the prime factors of w(-3)?
13
Let d = -1547 - -2151. List the prime factors of d.
2, 151
Let r = -36 + 204. What are the prime factors of r?
2, 3, 7
Suppose 3*c - 396 = -3*w, -2*c + 523 = 2*c + 5*w. What are the prime factors of c?
137
Let q(d) = d - 5. Let m be q(6). Suppose 26 = 2*v - 4*l, -26 = 5*l - m. What are the prime factors of 20/v*108/30?
2, 3
Let m = -94 + 136. Suppose m + 326 = 4*w. What are the prime factors of w?
2, 23
Let l = 9 + -4. Suppose 4*v + l*m - 4 = 18, -2*m = 4*v - 16. Suppose 2*j + v*j = 140. What are the prime factors of j?
2, 7
Let h = 1789 + 1962. What are the prime factors of h?
11, 31
Let m = -16 + 49. Suppose 3*r - 186 = 2*c, 2*r - 98 = -c + m. List the prime factors of r.
2
Let g be 506 + 2 - 21/7. Suppose -6*z = -g - 41. List the prime factors of z.
7, 13
Let l(h) be the first derivative of 5/3*h**3 + 7/2*h**2 - 5 + 2*h - 1/4*h**4. What are the prime factors of l(6)?
2
Let j = 2209 - 1575. List the prime factors of j.
2, 317
Let w = 6 + -8. Let c = -2 - w. Suppose c = d - 18. What are the prime factors of d?
2, 3
Let c = 10 - 8. Suppose -5*g = -c*r - 73, 3*g - 77 = -2*g - 2*r. What are the prime factors of g?
3, 5
List the prime factors of 13/(7 - 630/91).
13
Let d(x) = x**3 - 8*x**2 - 8*x + 1. Let k be d(9). What are the prime factors of (8/k)/((-58)/(-5365))?
2, 37
Suppose 6*i + 57 = 9*i. Let p = 15 - i. List the prime factors of -1 - (105 + -1)/p.
5
What are the prime factors of ((-140)/(-30))/(4/462)?
7, 11
Suppose -3*q = -2*q - 2. Suppose 0*j = -j + q*p + 1, 0 = j + 2*p + 11. Let w = 13 + j. What are the prime factors of w?
2
Let j = -14 - -12. Let m(k) = -13*k**3 - 2*k**2 + 2. What are the prime factors of m(j)?
2, 7
Suppose 6*c - 2*c - 20 = 0. Suppose 3*f = -c*s + 6 + 9, -5*f = 2*s - 25. Suppose s = -3*r + 45 + 159. What are the prime factors of r?
2, 17
Suppose -3*c - 5 = -j - 17, -21 = 3*j - 4*c. List the prime factors of 201*(j - (-40)/12).
67
Let x be 4 + (-5)/((-15)/9). Let n(h) = -h - 2*h + x + 0*h. List the prime factors of n(-5).
2, 11
Let m(o) = -o**3 - 5*o - 9 + 6*o - 4*o + 9*o**2. List the prime factors of m(7).
2, 17
Suppose 3*r - 274 = -2*m + 536, -807 = -3*r - m. What are the prime factors of r?
2, 67
Let k = 200 - -521. What are the prime factors of k?
7, 103
Let h = -120 - -3034. What are the prime factors of h?
2, 31, 47
Let o(t) = t**2 + 3*t - 3. Let n be o(-6). Let d = n - 2. Suppose w = d - 1. List the prime factors of w.
2, 3
Let b(w) = 2*w**3 - 13*w**2 + 13*w + 47. List the prime factors of b(9).
569
Let q(u) = u**3 - 3*u**2 - 3*u + 1. Let t be q(5). Let s = 63 - t. What are the prime factors of s/(-18)*(-18)/1?
3
Suppose 0 = -2*n - 13*n + 120. Suppose -10*a + 102 = -n*a. List the prime factors of a.
3, 17
Let i = -27 - -30. Suppose -i*q = q - 100. List the prime factors of q.
5
Let v be ((-32)/12)/((-2)/3). Suppose -v*q - 12 + 3 = w, 0 = 2*w - 2*q - 12. Suppose w*n - 16 - 23 = 0. What are the prime factors of n?
13
Suppose -20*c = -5*c - 30. Suppose -c*k = 15*k - 1819. List the prime factors of k.
107
Let q = -23 + 20. List the prime factors of 2/(-3) + q + (-2031)/(-9).
2, 3, 37
Suppose -g + p + 9 = 0, -4*p - 9 = -5*g + 38. Let d(r) = -r**2 + 34*r - 224. Let z be d(25). Let t = g - z. List the prime factors of t.
2, 5
Let u be (1 + 2)*(-158 + 5). What are the prime factors of ((-26)/(-3))/((-34)/u)?
3, 13
Suppose f - g + 52 = -0*g, 0 = -5*f - 2*g - 253. Let x = 105 + f. List the prime factors of x.
2, 3
Suppose 0 = 6*d - 4652 - 910. Suppose 3*i + m - 2*m = 565, -5*i = 2*m - d. List the prime factors of i.
11, 17
Suppose -2*r + 4*q = 4 - 0, -3*r - 2 = -2*q. Let l = r + 6. List the prime factors of l.
2, 3
Let b(o) be the second derivative of o**5/20 - o**4/6 - 5*o**3/6 + 3*o**2/2 - o. Let x be b(3). What are the prime factors of 15*4/3 - x?
23
Let u(k) = -2*k**3 - k + 2. Let h be u(-4). Suppose -j + 2*r + h = 0, -5*j - 102 = -3*r - 786. List the prime factors of j.
2, 3, 23
Let l = -8 - -10. Suppose 0 = -5*m + l*m - 33. Let z = m + 18. List the prime factors of z.
7
Let x = -787 + 3792. What are the prime factors of x?
5, 601
Let a = 2 - -30. Suppose a = 7*j - 6*j. What are the prime factors of j?
2
Let l = -61 + 66. Suppose -s + 2*b = s - 120, 5*s - 260 = -l*b. What are the prime factors of s?
2, 7
Suppose -7*y = 5431 - 17534. What are the prime factors of y?
7, 13, 19
Let q(p) = -2 - 54*p - 2*p**2 + 8 - 54*p + 3*p**2 + 98*p. Let y(o) = -3*o + 1. Let n be y(-4). List the prime factors of q(n).
3, 5
Let l(k) = 2*k**2 - 8*k + 10. Let h be l(7). Let q = 2 + h. What are the prime factors of q?
2, 3
Let a = 894 - 662. What are the prime factors of a?
2, 29
Suppose -2 - 12 = -2*g + 5*a, 3*g - 5*a = 16. Suppose g*f - 230 = 5*h, 0 = 3*h - 5*h. List the prime factors of f.
5, 23
What are the prime factors of 411/(-6)*(28 - 30)?
137
Let d(v) = 12*v**3 - 4*v**2 + 8*v - 6. Let w be d(2). Let u = -66 + w. What are the prime factors of u?
2, 3
Suppose 9*w = -2*g + 5*w + 986, 0 = w + 4. List the prime factors of g.
3, 167
Let z be -1*338/(-2) - 2. List the prime factors of ((-6 - -4) + 3)*z.
167
Let b be 4*(-51)/(-24)*14. Suppose -87 = -2*h + b. What are the prime factors of h?
103
Let a be -1*(3 + 11/(-4))*0. Suppose -14*x + 8*x + 1470 = a. List the prime factors of x.
5, 7
Let i be ((-1)/1)/(8/120). List the prime factors of i/2*60/(-18).
5
Suppose 4*v = 8*v - 324. Let i = 91 - v. List the prime factors of i.
2, 5
Let j(v) = v**2 - v - 2. Let d be j(-4). Suppose 2*y + d = 120. What are the prime factors of y?
3, 17
Let h(c) = -c**2 + 14*c + 5. Let x be h(-4). Suppose -55 + 9 = o - 4*b, -2*b + 118 = -3*o. Let y = o - x. List the prime factors of y.
29
Suppose -5*t + 8*t = 798. List the prime factors of t.
2, 7, 19
Let h(s) = -s**3 - s**2 + 1. Let t(f) = -5*f**3 + 8*f**2 - 12*f - 10. Let b(p) = 4*h(p) - t(p). What are the prime factors of b(11)?
5
Let m = 915 - 302. List the prime factors of m.
613
Suppose 5*g - 11 = 4*m, -5 = 5*g - 0. What are the prime factors of -64*3*m/12?
2
Suppose -5*k + 85 = 5*y, 2*k + 3*k = -2*y + 82. Let o = k - 13. List the prime factors of (1 - o)*(-87)/6.
29
What are the prime factors of (82/4 + 2)/((-21)/(-280))?
2, 3, 5
Let f = -62 - -66. What are the prime factors of -10*(f + (-33)/6)?
3, 5
Let p(g) = 2*g + 6. Let j be p(-2). Suppose j*h - h - 209 = 0. List the prime factors of h.
11, 19
Let a(h) = 531*h - 332. What are the prime factors of a(4)?
2, 7
Let k(b) = -127*b + 16. What are the prime factors of k(-6)?
2, 389
Suppose 9*k - 4*k + 105 = 0. Let p be (-9)/k + 536/7. Suppose 0 = 5*c - 233 - p. What are the prime factors of c?
2, 31
Let c = 827 + 139. What are the prime factors of c?
2, 3, 7, 23
Let p = 453 + 431. List the prime factors of p.
2, 13, 17
Let b(o) be the first derivative of 4*o - 2 + 3/2*o**2. What are the prime factors of b(5)?
19
Let p(f) = 8*f + 13. Let x be p(-4). Let s = 35 + x. What are the prime factors of s?
2
Let x = 61 + -65. What are the prime factors of (-86)/(-4) - 6/x?
23
Suppose -793 = -p + 2*u, 4*u + 785 = 6*p - 5*p. List the prime factors of p.
3, 89
Let h = 664 + 426. List the prime factors of h.
2, 5, 109
Suppose 3 = -5*t - 2*w, t - 4*t + w = -7. List the prime factors of 3 - -6 - (t + -4).
2, 3
Let k = 52 - 13. Let y = 55 - k. Let s = 33 - y. What are the prime factors of s?
17
Suppose 3*y + 3 = 3*c, 0*c - 2 = -2*c. What are the prime factors of -5 - 38*(-3 + y)?
109
Let w(b) =